{"id":98,"date":"2018-07-24T17:09:22","date_gmt":"2018-07-24T15:09:22","guid":{"rendered":"http:\/\/linea-formation.ch\/?page_id=98"},"modified":"2025-05-15T16:32:12","modified_gmt":"2025-05-15T14:32:12","slug":"presentation","status":"publish","type":"page","link":"https:\/\/linea-formation.ch\/en\/presentation\/","title":{"rendered":"Presentation"},"content":{"rendered":"<p style=\"text-align: justify;\"><span style=\"color: #ff0000;\"><strong><span style=\"font-size: 14pt; color: #cc3333;\">WHO ARE WE?<\/span><br \/>\n<\/strong><\/span><\/p>\n<ul>\n<li style=\"text-align: justify;\">We've been around since <strong>June 2013<\/strong>.<\/li>\n<li>Our training centre is certified <strong>EduQua<\/strong>.<\/li>\n<li>We offer continuing training in the fields of <strong>param\u00e9dical, de l&rsquo;a\u00e9rien, de l&rsquo;administratif et de la conciergerie<\/strong>.<\/li>\n<li>We offer operational training courses that are genuine <strong>levers for finding a job<\/strong>.<\/li>\n<li>Our aim is to support you in your new career direction.<\/li>\n<li>Our trainers are <strong>experts<\/strong> in their field.<\/li>\n<li>Our training courses combine <strong>theoretical and practical teaching.<\/strong><\/li>\n<li>We offer you <strong>several solutions<\/strong> according to your availability.<\/li>\n<li>We recommend that you <strong>individual interview<\/strong>.<\/li>\n<li>The success of our participants is at the heart of our commitments.<\/li>\n<li>Our organisation focuses on human relations.<\/li>\n<li>We maintain a <strong>close relationship<\/strong> with each of our participants.<\/li>\n<\/ul>\n<p>Geneva on 09 June 2023<\/p>\n<p>Mr Boussalem (Director)<\/p>\n<p style=\"text-align: justify;\"><span style=\"font-size: 14pt; color: #cc3333;\"><strong>OUR COMMITMENTS<\/strong><\/span><\/p>\n<ul>\n<li>Linea is committed to providing training for adults focusing on vocational skills to enable them to enter the job market.<\/li>\n<li>Linea guarantees trainers from the professional world<\/li>\n<li>Linea focuses on training that combines theory and practice to boost employability<\/li>\n<\/ul>\n<p style=\"text-align: justify;\"><span style=\"font-size: 14pt; color: #cc3333;\"><strong>OUR VALUES<\/strong><\/span><\/p>\n<ul>\n<li>High standards: we put all our know-how and expertise into guaranteeing high-quality training courses<\/li>\n<li>Sharing: exchanging knowledge, skills and know-how for mutual enrichment<\/li>\n<li>Mutual respect: considering others by listening, understanding and empathising so that we can move together in the same direction.<\/li>\n<\/ul>\n<p style=\"text-align: justify;\"><span style=\"font-size: 14pt; color: #cc3333;\"><strong>OUR GOALS<\/strong><\/span><\/p>\n<ul>\n<li>Offer training programmes that meet the needs of the labour market<\/li>\n<li>Providing candidates with the best possible guidance<\/li>\n<li>Establish partnerships with key players in our training fields<\/li>\n<\/ul>\n<p style=\"text-align: justify;\"><span style=\"font-size: 14pt; color: #cc3333;\"><strong>DEONTOLOGIE ET ETHIQUE<\/strong><\/span><\/p>\n<ul>\n<li>Engagement professionnel<\/li>\n<li>Respect de la confidentialit\u00e9 des donn\u00e9es<\/li>\n<li>Respect des valeurs individuelles<\/li>\n<\/ul>\n<p style=\"text-align: justify;\"><span style=\"font-size: 14pt; color: #cc3333;\"><strong>THE TEAM<\/strong><\/span><\/p>\n<ul>\n<li>Jamel. B | Management graduate | Director of the training centre since 2013<\/li>\n<li>Sabrina. N | Training Centre Management Assistant | Graduate in Accounting and Administration<\/li>\n<li style=\"text-align: justify;\">Sylvie. MB | Qualified general practitioner and care assistant | FSEA 1 in progress | In charge of training care assistants for the elderly<\/li>\n<li style=\"text-align: justify;\">Patrice. M | Many years in adult education and maintenance | In charge of training building caretakers<\/li>\n<li>Christelle. V | Adult trainer with federal diploma | Quality consultant for the training centre<\/li>\n<\/ul>\n<div class=\"wpb_text_column wpb_content_element\" style=\"text-align: justify;\">\n<div class=\"wpb_text_column wpb_content_element\">\n<h2><span style=\"font-size: 14pt; color: #cc3333;\"><strong>TESTIMONIALS<\/strong><\/span><\/h2>\n<\/div>\n<\/div>\n<p style=\"text-align: justify;\"><span style=\"font-size: 14pt; color: #ff9902;\"><strong>Paramedical training<\/strong><\/span><\/p>\n<ul>\n<li style=\"text-align: justify;\"><strong>Training to become a care assistant : \"<\/strong> I'd like to thank the whole Lin\u00e9a team for having accompanied me to the end of this training course. It gave me more self-confidence, thank you very much and see you soon. <strong>\"Sophie<\/strong><\/li>\n<li style=\"text-align: justify;\"><strong>Training to become a care assistant : \"<\/strong> I met the right trainers and a training centre that I'll never forget. I'd like to thank everyone, I'm going to miss you all. Manuela<\/li>\n<li style=\"text-align: justify;\"><strong>Training to become a care assistant : \"<\/strong> I'm very happy to have taken this course, which has enabled me to go back over what I've learnt, learn new techniques and improve on certain points. <strong>\"Josefa<\/strong><\/li>\n<\/ul>\n<p style=\"text-align: justify;\"><span style=\"font-size: 14pt; color: #ff9902;\"><strong>Caretaker training<\/strong><\/span><\/p>\n<ul>\n<li style=\"text-align: justify;\"><strong>Maintenance training: \"<\/strong> Very professional, comprehensive and interesting lessons <strong>\"Johan<\/strong><\/li>\n<\/ul>\n<p style=\"text-align: justify;\">","protected":false},"excerpt":{"rendered":"<p>QUI SOMMES NOUS ? Nous existons depuis juin 2013. Notre centre de formation est certifi\u00e9 EduQua. Nous proposons des formations continues dans les domaines du param\u00e9dical, de l&rsquo;a\u00e9rien, de l&rsquo;administratif et de la conciergerie. Nous proposons des formations op\u00e9rationnelles qui constituent de v\u00e9ritables leviers pour trouver un emploi. Notre objectif est de vous accompagner dans votre nouvelle orientation professionnelle. Nos formateurs sont experts dans leur domaine. Nos formations allient enseignement th\u00e9orique et pratique. Nous vous proposons plusieurs solutions en fonction de vos disponibilit\u00e9s. Nous vous conseillons lors d&rsquo;un entretien individualis\u00e9. La r\u00e9ussite de nos participants est au coeur de nos engagements. Notre organisation met l&rsquo;accent sur les relations humaines. Nous entretenons une relation de proximit\u00e9 avec chacun de nos participants. Gen\u00e8ve le 09 juin 2023 Mr Boussalem (Directeur) NOS ENGAGEMENTS Linea s&rsquo;engage \u00e0 fournir des formations pour adultes ax\u00e9es sur les comp\u00e9tences professionnelles afin de s&rsquo;ins\u00e9rer sur le march\u00e9 du travail Linea garantit des formateurs issus du monde professionnel Linea met l&rsquo;accent sur des formations alliant th\u00e9orie et pratique pour doper l&#8217;employabilit\u00e9 NOS VALEURS L&rsquo;exigence : nous mobilisons tout notre savoir-faire et notre expertise dans le but de garantir des formations de qualit\u00e9 Le partage : C&rsquo;est \u00e9changer connaissances, comp\u00e9tences et savoir-faire afin de s&rsquo;enrichir mutuellement Le respect mutuel : c&rsquo;est consid\u00e9rer les autres par une \u00e9coute, une compr\u00e9hension et de l&#8217;empathie pour \u00e9voluer ensemble dans une m\u00eame direction NOS OBJECTIFS Offrir des programmes de formations qui r\u00e9pondent aux besoins du march\u00e9 du travail Orienter au mieux les candidats Etablir des partenariats avec des acteurs essentiels dans les domaines de nos formations DEONTOLOGIE ET ETHIQUE Engagement professionnel Respect de la confidentialit\u00e9 des donn\u00e9es Respect des valeurs individuelles L&rsquo;EQUIPE Jamel. B | Dipl\u00f4m\u00e9 en gestion | Directeur du centre de formation depuis 2013 Sabrina. N | Assistante de direction du centre de formation | Dipl\u00f4m\u00e9e en comptabilit\u00e9 et administration Sylvie. MB | M\u00e9decin g\u00e9n\u00e9raliste dipl\u00f4m\u00e9e et aide soignante | FSEA 1 en cours | En charge de la formation auxiliaire de soins aupr\u00e8s des personnes \u00e2g\u00e9es Patrice. M | Nombreuses ann\u00e9es dans la formation d&rsquo;adultes et dans la maintenance | En charge de la formation de concierge d&rsquo;immeuble Christelle. V | Formatrice d&rsquo;adultes avec brevet f\u00e9d\u00e9ral | Concultante qualit\u00e9 pour le centre de formation T\u00c9MOIGNAGES Formation param\u00e9dicale Formation d&rsquo;auxiliaire en soins \/ aide soignante : \u00ab Je remercie toute l\u2019\u00e9quipe Lin\u00e9a de m\u2019avoir accompagn\u00e9 jusqu\u2019\u00e0 la fin de cette formation, cela m\u2019a permis d\u2019avoir plus confiance en moi, merci beaucoup et \u00e0 bient\u00f4t. \u00bb Sophie Formation d&rsquo;auxiliaire en soins \/ aide soignante :\u00a0 \u00ab J&rsquo;ai rencontr\u00e9 les bonnes formatrices et un centre de formation que je n&rsquo;oublierai jamais, je remercie tout le monde, vous allez me manquer. \u00bb Manuela Formation d&rsquo;auxiliaire en soins \/ aide soignante : \u00ab Tr\u00e8s contente d&rsquo;avoir fait cette formation, cela m&rsquo;a permis de revenir sur des acquis et d&rsquo;apprendre de nouvelles techniques et m&rsquo;am\u00e9liorer sur certains points. \u00bb Josefa Formation conciergerie &#8211; gardiennage Formation d&rsquo;agent d&rsquo;entretien : \u00ab Tr\u00e8s professionnel, cours fournis et int\u00e9ressants \u00bb Johan<\/p>","protected":false},"author":4,"featured_media":0,"parent":0,"menu_order":0,"comment_status":"closed","ping_status":"closed","template":"","meta":{"footnotes":""},"acf":[],"_links":{"self":[{"href":"https:\/\/linea-formation.ch\/en\/wp-json\/wp\/v2\/pages\/98"}],"collection":[{"href":"https:\/\/linea-formation.ch\/en\/wp-json\/wp\/v2\/pages"}],"about":[{"href":"https:\/\/linea-formation.ch\/en\/wp-json\/wp\/v2\/types\/page"}],"author":[{"embeddable":true,"href":"https:\/\/linea-formation.ch\/en\/wp-json\/wp\/v2\/users\/4"}],"replies":[{"embeddable":true,"href":"https:\/\/linea-formation.ch\/en\/wp-json\/wp\/v2\/comments?post=98"}],"version-history":[{"count":57,"href":"https:\/\/linea-formation.ch\/en\/wp-json\/wp\/v2\/pages\/98\/revisions"}],"predecessor-version":[{"id":1803,"href":"https:\/\/linea-formation.ch\/en\/wp-json\/wp\/v2\/pages\/98\/revisions\/1803"}],"wp:attachment":[{"href":"https:\/\/linea-formation.ch\/en\/wp-json\/wp\/v2\/media?parent=98"}],"curies":[{"name":"wp","href":"https:\/\/api.w.org\/{rel}","templated":true}]}}

<p style="text-align: justify;"><span style="color: #ff0000;"><strong><span style="font-size: 14pt; color: #cc3333;">WHO ARE WE?</span><br />
</strong></span></p>
<ul>
<li style="text-align: justify;">We've been around since <strong>June 2013</strong>.</li>
<li>Our training centre is certified <strong>EduQua</strong>.</li>
<li>We offer continuing training in the fields of <strong>paramédical, de l&rsquo;aérien, de l&rsquo;administratif et de la conciergerie</strong>.</li>
<li>We offer operational training courses that are genuine <strong>levers for finding a job</strong>.</li>
<li>Our aim is to support you in your new career direction.</li>
<li>Our trainers are <strong>experts</strong> in their field.</li>
<li>Our training courses combine <strong>theoretical and practical teaching.</strong></li>
<li>We offer you <strong>several solutions</strong> according to your availability.</li>
<li>We recommend that you <strong>individual interview</strong>.</li>
<li>The success of our participants is at the heart of our commitments.</li>
<li>Our organisation focuses on human relations.</li>
<li>We maintain a <strong>close relationship</strong> with each of our participants.</li>
</ul>
<p>Geneva on 09 June 2023</p>
<p>Mr Boussalem (Director)</p>
<p style="text-align: justify;"><span style="font-size: 14pt; color: #cc3333;"><strong>OUR COMMITMENTS</strong></span></p>
<ul>
<li>Linea is committed to providing training for adults focusing on vocational skills to enable them to enter the job market.</li>
<li>Linea guarantees trainers from the professional world</li>
<li>Linea focuses on training that combines theory and practice to boost employability</li>
</ul>
<p style="text-align: justify;"><span style="font-size: 14pt; color: #cc3333;"><strong>OUR VALUES</strong></span></p>
<ul>
<li>High standards: we put all our know-how and expertise into guaranteeing high-quality training courses</li>
<li>Sharing: exchanging knowledge, skills and know-how for mutual enrichment</li>
<li>Mutual respect: considering others by listening, understanding and empathising so that we can move together in the same direction.</li>
</ul>
<p style="text-align: justify;"><span style="font-size: 14pt; color: #cc3333;"><strong>OUR GOALS</strong></span></p>
<ul>
<li>Offer training programmes that meet the needs of the labour market</li>
<li>Providing candidates with the best possible guidance</li>
<li>Establish partnerships with key players in our training fields</li>
</ul>
<p style="text-align: justify;"><span style="font-size: 14pt; color: #cc3333;"><strong>DEONTOLOGIE ET ETHIQUE</strong></span></p>
<ul>
<li>Engagement professionnel</li>
<li>Respect de la confidentialité des données</li>
<li>Respect des valeurs individuelles</li>
</ul>
<p style="text-align: justify;"><span style="font-size: 14pt; color: #cc3333;"><strong>THE TEAM</strong></span></p>
<ul>
<li>Jamel. B | Management graduate | Director of the training centre since 2013</li>
<li>Sabrina. N | Training Centre Management Assistant | Graduate in Accounting and Administration</li>
<li style="text-align: justify;">Sylvie. MB | Qualified general practitioner and care assistant | FSEA 1 in progress | In charge of training care assistants for the elderly</li>
<li style="text-align: justify;">Patrice. M | Many years in adult education and maintenance | In charge of training building caretakers</li>
<li>Christelle. V | Adult trainer with federal diploma | Quality consultant for the training centre</li>
</ul>
<div class="wpb_text_column wpb_content_element" style="text-align: justify;">
<div class="wpb_text_column wpb_content_element">
<h2><span style="font-size: 14pt; color: #cc3333;"><strong>TESTIMONIALS</strong></span></h2>
</div>
</div>
<p style="text-align: justify;"><span style="font-size: 14pt; color: #ff9902;"><strong>Paramedical training</strong></span></p>
<ul>
<li style="text-align: justify;"><strong>Training to become a care assistant : "</strong> I'd like to thank the whole Linéa team for having accompanied me to the end of this training course. It gave me more self-confidence, thank you very much and see you soon. <strong>"Sophie</strong></li>
<li style="text-align: justify;"><strong>Training to become a care assistant : "</strong> I met the right trainers and a training centre that I'll never forget. I'd like to thank everyone, I'm going to miss you all. Manuela</li>
<li style="text-align: justify;"><strong>Training to become a care assistant : "</strong> I'm very happy to have taken this course, which has enabled me to go back over what I've learnt, learn new techniques and improve on certain points. <strong>"Josefa</strong></li>
</ul>
<p style="text-align: justify;"><span style="font-size: 14pt; color: #ff9902;"><strong>Caretaker training</strong></span></p>
<ul>
<li style="text-align: justify;"><strong>Maintenance training: "</strong> Very professional, comprehensive and interesting lessons <strong>"Johan</strong></li>
</ul>
<p style="text-align: justify;">

<p>QUI SOMMES NOUS ? Nous existons depuis juin 2013. Notre centre de formation est certifié EduQua. Nous proposons des formations continues dans les domaines du paramédical, de l&rsquo;aérien, de l&rsquo;administratif et de la conciergerie. Nous proposons des formations opérationnelles qui constituent de véritables leviers pour trouver un emploi. Notre objectif est de vous accompagner dans votre nouvelle orientation professionnelle. Nos formateurs sont experts dans leur domaine. Nos formations allient enseignement théorique et pratique. Nous vous proposons plusieurs solutions en fonction de vos disponibilités. Nous vous conseillons lors d&rsquo;un entretien individualisé. La réussite de nos participants est au coeur de nos engagements. Notre organisation met l&rsquo;accent sur les relations humaines. Nous entretenons une relation de proximité avec chacun de nos participants. Genève le 09 juin 2023 Mr Boussalem (Directeur) NOS ENGAGEMENTS Linea s&rsquo;engage à fournir des formations pour adultes axées sur les compétences professionnelles afin de s&rsquo;insérer sur le marché du travail Linea garantit des formateurs issus du monde professionnel Linea met l&rsquo;accent sur des formations alliant théorie et pratique pour doper l&#8217;employabilité NOS VALEURS L&rsquo;exigence : nous mobilisons tout notre savoir-faire et notre expertise dans le but de garantir des formations de qualité Le partage : C&rsquo;est échanger connaissances, compétences et savoir-faire afin de s&rsquo;enrichir mutuellement Le respect mutuel : c&rsquo;est considérer les autres par une écoute, une compréhension et de l&#8217;empathie pour évoluer ensemble dans une même direction NOS OBJECTIFS Offrir des programmes de formations qui répondent aux besoins du marché du travail Orienter au mieux les candidats Etablir des partenariats avec des acteurs essentiels dans les domaines de nos formations DEONTOLOGIE ET ETHIQUE Engagement professionnel Respect de la confidentialité des données Respect des valeurs individuelles L&rsquo;EQUIPE Jamel. B | Diplômé en gestion | Directeur du centre de formation depuis 2013 Sabrina. N | Assistante de direction du centre de formation | Diplômée en comptabilité et administration Sylvie. MB | Médecin généraliste diplômée et aide soignante | FSEA 1 en cours | En charge de la formation auxiliaire de soins auprès des personnes âgées Patrice. M | Nombreuses années dans la formation d&rsquo;adultes et dans la maintenance | En charge de la formation de concierge d&rsquo;immeuble Christelle. V | Formatrice d&rsquo;adultes avec brevet fédéral | Concultante qualité pour le centre de formation TÉMOIGNAGES Formation paramédicale Formation d&rsquo;auxiliaire en soins / aide soignante : « Je remercie toute l’équipe Linéa de m’avoir accompagné jusqu’à la fin de cette formation, cela m’a permis d’avoir plus confiance en moi, merci beaucoup et à bientôt. » Sophie Formation d&rsquo;auxiliaire en soins / aide soignante :  « J&rsquo;ai rencontré les bonnes formatrices et un centre de formation que je n&rsquo;oublierai jamais, je remercie tout le monde, vous allez me manquer. » Manuela Formation d&rsquo;auxiliaire en soins / aide soignante : « Très contente d&rsquo;avoir fait cette formation, cela m&rsquo;a permis de revenir sur des acquis et d&rsquo;apprendre de nouvelles techniques et m&rsquo;améliorer sur certains points. » Josefa Formation conciergerie &#8211; gardiennage Formation d&rsquo;agent d&rsquo;entretien : « Très professionnel, cours fournis et intéressants » Johan</p>
