{"id":98,"date":"2018-07-24T17:09:22","date_gmt":"2018-07-24T15:09:22","guid":{"rendered":"http:\/\/linea-formation.ch\/?page_id=98"},"modified":"2025-05-15T16:32:12","modified_gmt":"2025-05-15T14:32:12","slug":"presentation","status":"publish","type":"page","link":"https:\/\/linea-formation.ch\/de\/vorstellung\/","title":{"rendered":"Pr\u00e4sentation"},"content":{"rendered":"<p style=\"text-align: justify;\"><span style=\"color: #ff0000;\"><strong><span style=\"font-size: 14pt; color: #cc3333;\">WER SIND WIR?<\/span><br \/>\n<\/strong><\/span><\/p>\n<ul>\n<li style=\"text-align: justify;\">Wir existieren seit <strong>Juni 2013<\/strong>.<\/li>\n<li>Unser Bildungszentrum ist zertifiziert <strong>EduQua<\/strong>.<\/li>\n<li>Wir bieten Weiterbildungen an in den Bereichen <strong>param\u00e9dical, de l&rsquo;a\u00e9rien, de l&rsquo;administratif et de la conciergerie<\/strong>.<\/li>\n<li>Wir bieten operative Schulungen an, die echte <strong>Hebel, um einen Arbeitsplatz zu finden<\/strong>.<\/li>\n<li>Unser Ziel ist es, Sie bei Ihrer beruflichen Neuorientierung zu unterst\u00fctzen.<\/li>\n<li>Unsere Ausbilder sind <strong>Experten<\/strong> in ihrem Bereich.<\/li>\n<li>Unsere Schulungen verbinden <strong>theoretischer und praktischer Unterricht.<\/strong><\/li>\n<li>Wir bieten Ihnen <strong>mehrere L\u00f6sungen<\/strong> je nach Ihrer Verf\u00fcgbarkeit.<\/li>\n<li>Wir raten Ihnen bei einem <strong>individuelles Gespr\u00e4ch<\/strong>.<\/li>\n<li>Der Erfolg unserer Teilnehmer steht im Mittelpunkt unseres Engagements.<\/li>\n<li>Unsere Organisation legt gro\u00dfen Wert auf zwischenmenschliche Beziehungen.<\/li>\n<li>Wir pflegen eine <strong>Nahebeziehung<\/strong> mit jedem unserer Teilnehmer.<\/li>\n<\/ul>\n<p>Genf am 09. Juni 2023<\/p>\n<p>Herr Boussalem (Direktor)<\/p>\n<p style=\"text-align: justify;\"><span style=\"font-size: 14pt; color: #cc3333;\"><strong>UNSERE VERPFLICHTUNGEN<\/strong><\/span><\/p>\n<ul>\n<li>Linea setzt sich daf\u00fcr ein, Erwachsenenbildung anzubieten, die sich auf berufliche F\u00e4higkeiten konzentriert, um in den Arbeitsmarkt integriert zu werden.<\/li>\n<li>Linea garantiert Lehrer aus der Berufswelt<\/li>\n<li>Linea legt Wert auf eine Kombination aus Theorie und Praxis, um die Besch\u00e4ftigungsf\u00e4higkeit zu steigern<\/li>\n<\/ul>\n<p style=\"text-align: justify;\"><span style=\"font-size: 14pt; color: #cc3333;\"><strong>UNSERE WERTE<\/strong><\/span><\/p>\n<ul>\n<li>Anspruch: Wir setzen unser gesamtes Know-how und unsere Expertise ein, um qualitativ hochwertige Schulungen zu gew\u00e4hrleisten.<\/li>\n<li>Teilen: Das bedeutet, Wissen, F\u00e4higkeiten und Know-how auszutauschen, um sich gegenseitig zu bereichern.<\/li>\n<li>Gegenseitiger Respekt: bedeutet, andere durch Zuh\u00f6ren, Verstehen und Einf\u00fchlungsverm\u00f6gen zu betrachten, um sich gemeinsam in die gleiche Richtung zu entwickeln.<\/li>\n<\/ul>\n<p style=\"text-align: justify;\"><span style=\"font-size: 14pt; color: #cc3333;\"><strong>UNSERE ZIELE<\/strong><\/span><\/p>\n<ul>\n<li>Bildungsprogramme anbieten, die den Bed\u00fcrfnissen des Arbeitsmarktes entsprechen<\/li>\n<li>Bewerber bestm\u00f6glich orientieren<\/li>\n<li>Aufbau von Partnerschaften mit Akteuren, die in den Bereichen unserer Ausbildungen von zentraler Bedeutung sind<\/li>\n<\/ul>\n<p style=\"text-align: justify;\"><span style=\"font-size: 14pt; color: #cc3333;\"><strong>DEONTOLOGIE ET ETHIQUE<\/strong><\/span><\/p>\n<ul>\n<li>Engagement professionnel<\/li>\n<li>Respect de la confidentialit\u00e9 des donn\u00e9es<\/li>\n<li>Respect des valeurs individuelles<\/li>\n<\/ul>\n<p style=\"text-align: justify;\"><span style=\"font-size: 14pt; color: #cc3333;\"><strong>DAS TEAM<\/strong><\/span><\/p>\n<ul>\n<li>Jamel. B | Dipl. Betriebswirt | Leiter des Ausbildungszentrums seit 2013<\/li>\n<li>Sabrina. N | Assistentin der Leitung des Ausbildungszentrums | Diplom in Buchhaltung und Verwaltung<\/li>\n<li style=\"text-align: justify;\">Sylvie. MB | Diplomierte Allgemeinmedizinerin und Pflegeassistentin | SVEB 1 in Bearbeitung | Verantwortlich f\u00fcr die Ausbildung zur Pflegehelferin bei \u00e4lteren Menschen<\/li>\n<li style=\"text-align: justify;\">Patrice. M | Viele Jahre in der Erwachsenenbildung und in der Instandhaltung | Verantwortlich f\u00fcr die Ausbildung zum Hausmeister<\/li>\n<li>Christelle. V | Erwachsenenbildnerin mit eidg. Fachausweis | Qualit\u00e4tsberaterin f\u00fcr das Ausbildungszentrum<\/li>\n<\/ul>\n<div class=\"wpb_text_column wpb_content_element\" style=\"text-align: justify;\">\n<div class=\"wpb_text_column wpb_content_element\">\n<h2><span style=\"font-size: 14pt; color: #cc3333;\"><strong>ZEUGNISSE<\/strong><\/span><\/h2>\n<\/div>\n<\/div>\n<p style=\"text-align: justify;\"><span style=\"font-size: 14pt; color: #ff9902;\"><strong>Paramedizinische Ausbildung<\/strong><\/span><\/p>\n<ul>\n<li style=\"text-align: justify;\"><strong>Ausbildung zum Pflegehelfer \/ zur Pflegehelferin: \"<\/strong> Ich danke dem gesamten Lin\u00e9a-Team, dass es mich bis zum Ende des Kurses begleitet hat. Es hat mir geholfen, mehr Selbstvertrauen zu gewinnen, vielen Dank und bis bald. <strong>\"Sophie<\/strong><\/li>\n<li style=\"text-align: justify;\"><strong>Ausbildung zum Pflegehelfer \/ zur Pflegehelferin: \"<\/strong> Ich habe die richtigen Ausbilderinnen und ein Ausbildungszentrum kennengelernt, das ich nie vergessen werde, ich danke allen, ich werde euch vermissen.\" Manuela<\/li>\n<li style=\"text-align: justify;\"><strong>Ausbildung zum Pflegehelfer \/ zur Pflegehelferin: \"<\/strong> Ich bin sehr froh, dass ich diesen Kurs gemacht habe. Er hat es mir erm\u00f6glicht, auf Gelerntes zur\u00fcckzugreifen, neue Techniken zu lernen und mich in einigen Punkten zu verbessern. <strong>\"Josefa<\/strong><\/li>\n<\/ul>\n<p style=\"text-align: justify;\"><span style=\"font-size: 14pt; color: #ff9902;\"><strong>Ausbildung Hausmeister - Bewachung<\/strong><\/span><\/p>\n<ul>\n<li style=\"text-align: justify;\"><strong>Ausbildung zur Reinigungskraft: \"<\/strong> Sehr professionell, Unterricht geliefert und interessant <strong>\"Johan<\/strong><\/li>\n<\/ul>\n<p style=\"text-align: justify;\">","protected":false},"excerpt":{"rendered":"<p>QUI SOMMES NOUS ? Nous existons depuis juin 2013. Notre centre de formation est certifi\u00e9 EduQua. Nous proposons des formations continues dans les domaines du param\u00e9dical, de l&rsquo;a\u00e9rien, de l&rsquo;administratif et de la conciergerie. Nous proposons des formations op\u00e9rationnelles qui constituent de v\u00e9ritables leviers pour trouver un emploi. Notre objectif est de vous accompagner dans votre nouvelle orientation professionnelle. Nos formateurs sont experts dans leur domaine. Nos formations allient enseignement th\u00e9orique et pratique. Nous vous proposons plusieurs solutions en fonction de vos disponibilit\u00e9s. Nous vous conseillons lors d&rsquo;un entretien individualis\u00e9. La r\u00e9ussite de nos participants est au coeur de nos engagements. Notre organisation met l&rsquo;accent sur les relations humaines. Nous entretenons une relation de proximit\u00e9 avec chacun de nos participants. Gen\u00e8ve le 09 juin 2023 Mr Boussalem (Directeur) NOS ENGAGEMENTS Linea s&rsquo;engage \u00e0 fournir des formations pour adultes ax\u00e9es sur les comp\u00e9tences professionnelles afin de s&rsquo;ins\u00e9rer sur le march\u00e9 du travail Linea garantit des formateurs issus du monde professionnel Linea met l&rsquo;accent sur des formations alliant th\u00e9orie et pratique pour doper l&#8217;employabilit\u00e9 NOS VALEURS L&rsquo;exigence : nous mobilisons tout notre savoir-faire et notre expertise dans le but de garantir des formations de qualit\u00e9 Le partage : C&rsquo;est \u00e9changer connaissances, comp\u00e9tences et savoir-faire afin de s&rsquo;enrichir mutuellement Le respect mutuel : c&rsquo;est consid\u00e9rer les autres par une \u00e9coute, une compr\u00e9hension et de l&#8217;empathie pour \u00e9voluer ensemble dans une m\u00eame direction NOS OBJECTIFS Offrir des programmes de formations qui r\u00e9pondent aux besoins du march\u00e9 du travail Orienter au mieux les candidats Etablir des partenariats avec des acteurs essentiels dans les domaines de nos formations DEONTOLOGIE ET ETHIQUE Engagement professionnel Respect de la confidentialit\u00e9 des donn\u00e9es Respect des valeurs individuelles L&rsquo;EQUIPE Jamel. B | Dipl\u00f4m\u00e9 en gestion | Directeur du centre de formation depuis 2013 Sabrina. N | Assistante de direction du centre de formation | Dipl\u00f4m\u00e9e en comptabilit\u00e9 et administration Sylvie. MB | M\u00e9decin g\u00e9n\u00e9raliste dipl\u00f4m\u00e9e et aide soignante | FSEA 1 en cours | En charge de la formation auxiliaire de soins aupr\u00e8s des personnes \u00e2g\u00e9es Patrice. M | Nombreuses ann\u00e9es dans la formation d&rsquo;adultes et dans la maintenance | En charge de la formation de concierge d&rsquo;immeuble Christelle. V | Formatrice d&rsquo;adultes avec brevet f\u00e9d\u00e9ral | Concultante qualit\u00e9 pour le centre de formation T\u00c9MOIGNAGES Formation param\u00e9dicale Formation d&rsquo;auxiliaire en soins \/ aide soignante : \u00ab Je remercie toute l\u2019\u00e9quipe Lin\u00e9a de m\u2019avoir accompagn\u00e9 jusqu\u2019\u00e0 la fin de cette formation, cela m\u2019a permis d\u2019avoir plus confiance en moi, merci beaucoup et \u00e0 bient\u00f4t. \u00bb Sophie Formation d&rsquo;auxiliaire en soins \/ aide soignante :\u00a0 \u00ab J&rsquo;ai rencontr\u00e9 les bonnes formatrices et un centre de formation que je n&rsquo;oublierai jamais, je remercie tout le monde, vous allez me manquer. \u00bb Manuela Formation d&rsquo;auxiliaire en soins \/ aide soignante : \u00ab Tr\u00e8s contente d&rsquo;avoir fait cette formation, cela m&rsquo;a permis de revenir sur des acquis et d&rsquo;apprendre de nouvelles techniques et m&rsquo;am\u00e9liorer sur certains points. \u00bb Josefa Formation conciergerie &#8211; gardiennage Formation d&rsquo;agent d&rsquo;entretien : \u00ab Tr\u00e8s professionnel, cours fournis et int\u00e9ressants \u00bb Johan<\/p>","protected":false},"author":4,"featured_media":0,"parent":0,"menu_order":0,"comment_status":"closed","ping_status":"closed","template":"","meta":{"footnotes":""},"acf":[],"_links":{"self":[{"href":"https:\/\/linea-formation.ch\/de\/wp-json\/wp\/v2\/pages\/98"}],"collection":[{"href":"https:\/\/linea-formation.ch\/de\/wp-json\/wp\/v2\/pages"}],"about":[{"href":"https:\/\/linea-formation.ch\/de\/wp-json\/wp\/v2\/types\/page"}],"author":[{"embeddable":true,"href":"https:\/\/linea-formation.ch\/de\/wp-json\/wp\/v2\/users\/4"}],"replies":[{"embeddable":true,"href":"https:\/\/linea-formation.ch\/de\/wp-json\/wp\/v2\/comments?post=98"}],"version-history":[{"count":57,"href":"https:\/\/linea-formation.ch\/de\/wp-json\/wp\/v2\/pages\/98\/revisions"}],"predecessor-version":[{"id":1803,"href":"https:\/\/linea-formation.ch\/de\/wp-json\/wp\/v2\/pages\/98\/revisions\/1803"}],"wp:attachment":[{"href":"https:\/\/linea-formation.ch\/de\/wp-json\/wp\/v2\/media?parent=98"}],"curies":[{"name":"wp","href":"https:\/\/api.w.org\/{rel}","templated":true}]}}

Präsentation

<p style="text-align: justify;"><span style="color: #ff0000;"><strong><span style="font-size: 14pt; color: #cc3333;">WER SIND WIR?</span><br />
</strong></span></p>
<ul>
<li style="text-align: justify;">Wir existieren seit <strong>Juni 2013</strong>.</li>
<li>Unser Bildungszentrum ist zertifiziert <strong>EduQua</strong>.</li>
<li>Wir bieten Weiterbildungen an in den Bereichen <strong>paramédical, de l&rsquo;aérien, de l&rsquo;administratif et de la conciergerie</strong>.</li>
<li>Wir bieten operative Schulungen an, die echte <strong>Hebel, um einen Arbeitsplatz zu finden</strong>.</li>
<li>Unser Ziel ist es, Sie bei Ihrer beruflichen Neuorientierung zu unterstützen.</li>
<li>Unsere Ausbilder sind <strong>Experten</strong> in ihrem Bereich.</li>
<li>Unsere Schulungen verbinden <strong>theoretischer und praktischer Unterricht.</strong></li>
<li>Wir bieten Ihnen <strong>mehrere Lösungen</strong> je nach Ihrer Verfügbarkeit.</li>
<li>Wir raten Ihnen bei einem <strong>individuelles Gespräch</strong>.</li>
<li>Der Erfolg unserer Teilnehmer steht im Mittelpunkt unseres Engagements.</li>
<li>Unsere Organisation legt großen Wert auf zwischenmenschliche Beziehungen.</li>
<li>Wir pflegen eine <strong>Nahebeziehung</strong> mit jedem unserer Teilnehmer.</li>
</ul>
<p>Genf am 09. Juni 2023</p>
<p>Herr Boussalem (Direktor)</p>
<p style="text-align: justify;"><span style="font-size: 14pt; color: #cc3333;"><strong>UNSERE VERPFLICHTUNGEN</strong></span></p>
<ul>
<li>Linea setzt sich dafür ein, Erwachsenenbildung anzubieten, die sich auf berufliche Fähigkeiten konzentriert, um in den Arbeitsmarkt integriert zu werden.</li>
<li>Linea garantiert Lehrer aus der Berufswelt</li>
<li>Linea legt Wert auf eine Kombination aus Theorie und Praxis, um die Beschäftigungsfähigkeit zu steigern</li>
</ul>
<p style="text-align: justify;"><span style="font-size: 14pt; color: #cc3333;"><strong>UNSERE WERTE</strong></span></p>
<ul>
<li>Anspruch: Wir setzen unser gesamtes Know-how und unsere Expertise ein, um qualitativ hochwertige Schulungen zu gewährleisten.</li>
<li>Teilen: Das bedeutet, Wissen, Fähigkeiten und Know-how auszutauschen, um sich gegenseitig zu bereichern.</li>
<li>Gegenseitiger Respekt: bedeutet, andere durch Zuhören, Verstehen und Einfühlungsvermögen zu betrachten, um sich gemeinsam in die gleiche Richtung zu entwickeln.</li>
</ul>
<p style="text-align: justify;"><span style="font-size: 14pt; color: #cc3333;"><strong>UNSERE ZIELE</strong></span></p>
<ul>
<li>Bildungsprogramme anbieten, die den Bedürfnissen des Arbeitsmarktes entsprechen</li>
<li>Bewerber bestmöglich orientieren</li>
<li>Aufbau von Partnerschaften mit Akteuren, die in den Bereichen unserer Ausbildungen von zentraler Bedeutung sind</li>
</ul>
<p style="text-align: justify;"><span style="font-size: 14pt; color: #cc3333;"><strong>DEONTOLOGIE ET ETHIQUE</strong></span></p>
<ul>
<li>Engagement professionnel</li>
<li>Respect de la confidentialité des données</li>
<li>Respect des valeurs individuelles</li>
</ul>
<p style="text-align: justify;"><span style="font-size: 14pt; color: #cc3333;"><strong>DAS TEAM</strong></span></p>
<ul>
<li>Jamel. B | Dipl. Betriebswirt | Leiter des Ausbildungszentrums seit 2013</li>
<li>Sabrina. N | Assistentin der Leitung des Ausbildungszentrums | Diplom in Buchhaltung und Verwaltung</li>
<li style="text-align: justify;">Sylvie. MB | Diplomierte Allgemeinmedizinerin und Pflegeassistentin | SVEB 1 in Bearbeitung | Verantwortlich für die Ausbildung zur Pflegehelferin bei älteren Menschen</li>
<li style="text-align: justify;">Patrice. M | Viele Jahre in der Erwachsenenbildung und in der Instandhaltung | Verantwortlich für die Ausbildung zum Hausmeister</li>
<li>Christelle. V | Erwachsenenbildnerin mit eidg. Fachausweis | Qualitätsberaterin für das Ausbildungszentrum</li>
</ul>
<div class="wpb_text_column wpb_content_element" style="text-align: justify;">
<div class="wpb_text_column wpb_content_element">
<h2><span style="font-size: 14pt; color: #cc3333;"><strong>ZEUGNISSE</strong></span></h2>
</div>
</div>
<p style="text-align: justify;"><span style="font-size: 14pt; color: #ff9902;"><strong>Paramedizinische Ausbildung</strong></span></p>
<ul>
<li style="text-align: justify;"><strong>Ausbildung zum Pflegehelfer / zur Pflegehelferin: "</strong> Ich danke dem gesamten Linéa-Team, dass es mich bis zum Ende des Kurses begleitet hat. Es hat mir geholfen, mehr Selbstvertrauen zu gewinnen, vielen Dank und bis bald. <strong>"Sophie</strong></li>
<li style="text-align: justify;"><strong>Ausbildung zum Pflegehelfer / zur Pflegehelferin: "</strong> Ich habe die richtigen Ausbilderinnen und ein Ausbildungszentrum kennengelernt, das ich nie vergessen werde, ich danke allen, ich werde euch vermissen." Manuela</li>
<li style="text-align: justify;"><strong>Ausbildung zum Pflegehelfer / zur Pflegehelferin: "</strong> Ich bin sehr froh, dass ich diesen Kurs gemacht habe. Er hat es mir ermöglicht, auf Gelerntes zurückzugreifen, neue Techniken zu lernen und mich in einigen Punkten zu verbessern. <strong>"Josefa</strong></li>
</ul>
<p style="text-align: justify;"><span style="font-size: 14pt; color: #ff9902;"><strong>Ausbildung Hausmeister - Bewachung</strong></span></p>
<ul>
<li style="text-align: justify;"><strong>Ausbildung zur Reinigungskraft: "</strong> Sehr professionell, Unterricht geliefert und interessant <strong>"Johan</strong></li>
</ul>
<p style="text-align: justify;">

<p>QUI SOMMES NOUS ? Nous existons depuis juin 2013. Notre centre de formation est certifié EduQua. Nous proposons des formations continues dans les domaines du paramédical, de l&rsquo;aérien, de l&rsquo;administratif et de la conciergerie. Nous proposons des formations opérationnelles qui constituent de véritables leviers pour trouver un emploi. Notre objectif est de vous accompagner dans votre nouvelle orientation professionnelle. Nos formateurs sont experts dans leur domaine. Nos formations allient enseignement théorique et pratique. Nous vous proposons plusieurs solutions en fonction de vos disponibilités. Nous vous conseillons lors d&rsquo;un entretien individualisé. La réussite de nos participants est au coeur de nos engagements. Notre organisation met l&rsquo;accent sur les relations humaines. Nous entretenons une relation de proximité avec chacun de nos participants. Genève le 09 juin 2023 Mr Boussalem (Directeur) NOS ENGAGEMENTS Linea s&rsquo;engage à fournir des formations pour adultes axées sur les compétences professionnelles afin de s&rsquo;insérer sur le marché du travail Linea garantit des formateurs issus du monde professionnel Linea met l&rsquo;accent sur des formations alliant théorie et pratique pour doper l&#8217;employabilité NOS VALEURS L&rsquo;exigence : nous mobilisons tout notre savoir-faire et notre expertise dans le but de garantir des formations de qualité Le partage : C&rsquo;est échanger connaissances, compétences et savoir-faire afin de s&rsquo;enrichir mutuellement Le respect mutuel : c&rsquo;est considérer les autres par une écoute, une compréhension et de l&#8217;empathie pour évoluer ensemble dans une même direction NOS OBJECTIFS Offrir des programmes de formations qui répondent aux besoins du marché du travail Orienter au mieux les candidats Etablir des partenariats avec des acteurs essentiels dans les domaines de nos formations DEONTOLOGIE ET ETHIQUE Engagement professionnel Respect de la confidentialité des données Respect des valeurs individuelles L&rsquo;EQUIPE Jamel. B | Diplômé en gestion | Directeur du centre de formation depuis 2013 Sabrina. N | Assistante de direction du centre de formation | Diplômée en comptabilité et administration Sylvie. MB | Médecin généraliste diplômée et aide soignante | FSEA 1 en cours | En charge de la formation auxiliaire de soins auprès des personnes âgées Patrice. M | Nombreuses années dans la formation d&rsquo;adultes et dans la maintenance | En charge de la formation de concierge d&rsquo;immeuble Christelle. V | Formatrice d&rsquo;adultes avec brevet fédéral | Concultante qualité pour le centre de formation TÉMOIGNAGES Formation paramédicale Formation d&rsquo;auxiliaire en soins / aide soignante : « Je remercie toute l’équipe Linéa de m’avoir accompagné jusqu’à la fin de cette formation, cela m’a permis d’avoir plus confiance en moi, merci beaucoup et à bientôt. » Sophie Formation d&rsquo;auxiliaire en soins / aide soignante :  « J&rsquo;ai rencontré les bonnes formatrices et un centre de formation que je n&rsquo;oublierai jamais, je remercie tout le monde, vous allez me manquer. » Manuela Formation d&rsquo;auxiliaire en soins / aide soignante : « Très contente d&rsquo;avoir fait cette formation, cela m&rsquo;a permis de revenir sur des acquis et d&rsquo;apprendre de nouvelles techniques et m&rsquo;améliorer sur certains points. » Josefa Formation conciergerie &#8211; gardiennage Formation d&rsquo;agent d&rsquo;entretien : « Très professionnel, cours fournis et intéressants » Johan</p>
