{"id":1710,"date":"2025-02-04T01:36:03","date_gmt":"2025-02-04T00:36:03","guid":{"rendered":"https:\/\/linea-formation.ch\/?page_id=1710"},"modified":"2025-10-23T14:34:38","modified_gmt":"2025-10-23T12:34:38","slug":"reseaux-sociaux","status":"publish","type":"page","link":"https:\/\/linea-formation.ch\/de\/soziale-netzwerke\/","title":{"rendered":"Soziale netzwerke"},"content":{"rendered":"<div data-elementor-type=\"wp-page\" data-elementor-id=\"1710\" class=\"elementor elementor-1710\">\n\t\t\t\t<div class=\"elementor-element elementor-element-234951c e-flex e-con-boxed wpr-particle-no wpr-jarallax-no wpr-parallax-no wpr-sticky-section-no e-con e-parent\" data-id=\"234951c\" data-element_type=\"container\">\n\t\t\t\t\t<div class=\"e-con-inner\">\n\t\t\t\t<div class=\"elementor-element elementor-element-1425ff4 elementor-widget elementor-widget-heading\" data-id=\"1425ff4\" data-element_type=\"widget\" data-widget_type=\"heading.default\">\n\t\t\t\t<div class=\"elementor-widget-container\">\n\t\t\t\t\t<h2 class=\"elementor-heading-title elementor-size-default\">Formation r\u00e9seaux sociaux et community manager \u00e0 Gen\u00e8ve et Lausanne<\/h2>\t\t\t\t<\/div>\n\t\t\t\t<\/div>\n\t\t\t\t<div class=\"elementor-element elementor-element-2d95d29 elementor-widget elementor-widget-text-editor\" data-id=\"2d95d29\" data-element_type=\"widget\" data-widget_type=\"text-editor.default\">\n\t\t\t\t<div class=\"elementor-widget-container\">\n\t\t\t\t\t\t\t\t\t<p><span style=\"font-weight: 400;\">Lin\u00e9a Formation propose deux parcours certifiants pour devenir community manager :<\/span><\/p><p><span style=\"font-weight: 400;\">\u2022 Une formation r\u00e9seaux sociaux en pr\u00e9sentiel \u00e0 Gen\u00e8ve,<br \/><\/span><span style=\"font-weight: 400;\">\u2022 Une formation \u00e0 distance, accessible depuis Lausanne et toute la Suisse romande.<\/span><\/p><p><span style=\"font-weight: 400;\">Que vous soyez d\u00e9butant ou en reconversion, vous apprendrez \u00e0 cr\u00e9er du contenu engageant, d\u00e9velopper une strat\u00e9gie digitale efficace et animer une communaut\u00e9 en ligne. Gr\u00e2ce \u00e0 une p\u00e9dagogie pratique et un accompagnement personnalis\u00e9, vous acquerrez rapidement des comp\u00e9tences solides pour booster votre carri\u00e8re dans le marketing digital.<\/span><\/p>\t\t\t\t\t\t\t\t<\/div>\n\t\t\t\t<\/div>\n\t\t\t\t<div class=\"elementor-element elementor-element-c15c177 elementor-widget elementor-widget-heading\" data-id=\"c15c177\" data-element_type=\"widget\" data-widget_type=\"heading.default\">\n\t\t\t\t<div class=\"elementor-widget-container\">\n\t\t\t\t\t<h2 class=\"elementor-heading-title elementor-size-default\">Une formation compl\u00e8te pour ma\u00eetriser les r\u00e9seaux sociaux \u00e0 Gen\u00e8ve et Lausanne<\/h2>\t\t\t\t<\/div>\n\t\t\t\t<\/div>\n\t\t\t\t<div class=\"elementor-element elementor-element-4275812 elementor-widget elementor-widget-text-editor\" data-id=\"4275812\" data-element_type=\"widget\" data-widget_type=\"text-editor.default\">\n\t\t\t\t<div class=\"elementor-widget-container\">\n\t\t\t\t\t\t\t\t\t<p>Notre formation s\u2019adresse \u00e0 toute personne souhaitant se professionnaliser dans la communication digitale : salari\u00e9s, ind\u00e9pendants ou cr\u00e9ateurs d\u2019entreprise.<br \/>Encadr\u00e9 par des formateurs experts, chaque module alterne th\u00e9orie et exercices pratiques pour vous rendre rapidement autonome.<\/p><p>Au cours de la formation community manager \u00e0 Lausanne ou \u00e0 Gen\u00e8ve, vous apprendrez \u00e0 :<\/p><p>\u2022 \u00c9laborer une strat\u00e9gie social media adapt\u00e9e \u00e0 chaque marque\u00a0<br \/>\u2022 Cr\u00e9er et planifier du contenu avec des outils comme Canva ou Meta Business Suite<br \/>\u2022 G\u00e9rer et animer une communaut\u00e9 avec professionnalisme\u00a0<br \/>\u2022 Analyser vos performances gr\u00e2ce aux outils de suivi et de reporting\u00a0<br \/>\u2022 Rester \u00e0 jour sur les tendances du marketing digital<\/p>\t\t\t\t\t\t\t\t<\/div>\n\t\t\t\t<\/div>\n\t\t\t\t<div class=\"elementor-element elementor-element-41eabb1 elementor-widget elementor-widget-heading\" data-id=\"41eabb1\" data-element_type=\"widget\" data-widget_type=\"heading.default\">\n\t\t\t\t<div class=\"elementor-widget-container\">\n\t\t\t\t\t<h2 class=\"elementor-heading-title elementor-size-default\">Une certification reconnue en Suisse romande<\/h2>\t\t\t\t<\/div>\n\t\t\t\t<\/div>\n\t\t\t\t<div class=\"elementor-element elementor-element-bd8a2fd elementor-widget elementor-widget-text-editor\" data-id=\"bd8a2fd\" data-element_type=\"widget\" data-widget_type=\"text-editor.default\">\n\t\t\t\t<div class=\"elementor-widget-container\">\n\t\t\t\t\t\t\t\t\t<p><span style=\"font-weight: 400;\">Certifi\u00e9e eduQua, Lin\u00e9a Formation garantit un enseignement de qualit\u00e9 et des comp\u00e9tences imm\u00e9diatement valorisables sur le march\u00e9 du travail.<\/span><\/p><p><span style=\"font-weight: 400;\">Que vous choisissiez la formation pour devenir community manager \u00e0 Gen\u00e8ve en pr\u00e9sentiel ou en distanciel depuis Lausanne ou ailleurs en Suisse, vous b\u00e9n\u00e9ficiez d\u2019un encadrement personnalis\u00e9 et d\u2019un v\u00e9ritable tremplin vers les m\u00e9tiers du digital.<\/span><\/p>\t\t\t\t\t\t\t\t<\/div>\n\t\t\t\t<\/div>\n\t\t\t\t\t<\/div>\n\t\t\t\t<\/div>\n\t\t\t\t<\/div>","protected":false},"excerpt":{"rendered":"<p>Formation r\u00e9seaux sociaux et community manager \u00e0 Gen\u00e8ve et Lausanne Lin\u00e9a Formation propose deux parcours certifiants pour devenir community manager : \u2022 Une formation r\u00e9seaux sociaux en pr\u00e9sentiel \u00e0 Gen\u00e8ve,\u2022 Une formation \u00e0 distance, accessible depuis Lausanne et toute la Suisse romande. Que vous soyez d\u00e9butant ou en reconversion, vous apprendrez \u00e0 cr\u00e9er du contenu engageant, d\u00e9velopper une strat\u00e9gie digitale efficace et animer une communaut\u00e9 en ligne. Gr\u00e2ce \u00e0 une p\u00e9dagogie pratique et un accompagnement personnalis\u00e9, vous acquerrez rapidement des comp\u00e9tences solides pour booster votre carri\u00e8re dans le marketing digital. Une formation compl\u00e8te pour ma\u00eetriser les r\u00e9seaux sociaux \u00e0 Gen\u00e8ve et Lausanne Notre formation s\u2019adresse \u00e0 toute personne souhaitant se professionnaliser dans la communication digitale : salari\u00e9s, ind\u00e9pendants ou cr\u00e9ateurs d\u2019entreprise.Encadr\u00e9 par des formateurs experts, chaque module alterne th\u00e9orie et exercices pratiques pour vous rendre rapidement autonome. Au cours de la formation community manager \u00e0 Lausanne ou \u00e0 Gen\u00e8ve, vous apprendrez \u00e0 : \u2022 \u00c9laborer une strat\u00e9gie social media adapt\u00e9e \u00e0 chaque marque\u00a0\u2022 Cr\u00e9er et planifier du contenu avec des outils comme Canva ou Meta Business Suite\u2022 G\u00e9rer et animer une communaut\u00e9 avec professionnalisme\u00a0\u2022 Analyser vos performances gr\u00e2ce aux outils de suivi et de reporting\u00a0\u2022 Rester \u00e0 jour sur les tendances du marketing digital Une certification reconnue en Suisse romande Certifi\u00e9e eduQua, Lin\u00e9a Formation garantit un enseignement de qualit\u00e9 et des comp\u00e9tences imm\u00e9diatement valorisables sur le march\u00e9 du travail. Que vous choisissiez la formation pour devenir community manager \u00e0 Gen\u00e8ve en pr\u00e9sentiel ou en distanciel depuis Lausanne ou ailleurs en Suisse, vous b\u00e9n\u00e9ficiez d\u2019un encadrement personnalis\u00e9 et d\u2019un v\u00e9ritable tremplin vers les m\u00e9tiers du digital.<\/p>","protected":false},"author":4,"featured_media":0,"parent":0,"menu_order":0,"comment_status":"closed","ping_status":"closed","template":"type-de-formations.php","meta":{"footnotes":""},"acf":[],"_links":{"self":[{"href":"https:\/\/linea-formation.ch\/de\/wp-json\/wp\/v2\/pages\/1710"}],"collection":[{"href":"https:\/\/linea-formation.ch\/de\/wp-json\/wp\/v2\/pages"}],"about":[{"href":"https:\/\/linea-formation.ch\/de\/wp-json\/wp\/v2\/types\/page"}],"author":[{"embeddable":true,"href":"https:\/\/linea-formation.ch\/de\/wp-json\/wp\/v2\/users\/4"}],"replies":[{"embeddable":true,"href":"https:\/\/linea-formation.ch\/de\/wp-json\/wp\/v2\/comments?post=1710"}],"version-history":[{"count":10,"href":"https:\/\/linea-formation.ch\/de\/wp-json\/wp\/v2\/pages\/1710\/revisions"}],"predecessor-version":[{"id":1856,"href":"https:\/\/linea-formation.ch\/de\/wp-json\/wp\/v2\/pages\/1710\/revisions\/1856"}],"wp:attachment":[{"href":"https:\/\/linea-formation.ch\/de\/wp-json\/wp\/v2\/media?parent=1710"}],"curies":[{"name":"wp","href":"https:\/\/api.w.org\/{rel}","templated":true}]}}

<div data-elementor-type="wp-page" data-elementor-id="1710" class="elementor elementor-1710">
				<div class="elementor-element elementor-element-234951c e-flex e-con-boxed wpr-particle-no wpr-jarallax-no wpr-parallax-no wpr-sticky-section-no e-con e-parent" data-id="234951c" data-element_type="container">
					<div class="e-con-inner">
				<div class="elementor-element elementor-element-1425ff4 elementor-widget elementor-widget-heading" data-id="1425ff4" data-element_type="widget" data-widget_type="heading.default">
				<div class="elementor-widget-container">
					<h2 class="elementor-heading-title elementor-size-default">Formation réseaux sociaux et community manager à Genève et Lausanne</h2>				</div>
				</div>
				<div class="elementor-element elementor-element-2d95d29 elementor-widget elementor-widget-text-editor" data-id="2d95d29" data-element_type="widget" data-widget_type="text-editor.default">
				<div class="elementor-widget-container">
									<p><span style="font-weight: 400;">Linéa Formation propose deux parcours certifiants pour devenir community manager :</span></p><p><span style="font-weight: 400;">• Une formation réseaux sociaux en présentiel à Genève,<br /></span><span style="font-weight: 400;">• Une formation à distance, accessible depuis Lausanne et toute la Suisse romande.</span></p><p><span style="font-weight: 400;">Que vous soyez débutant ou en reconversion, vous apprendrez à créer du contenu engageant, développer une stratégie digitale efficace et animer une communauté en ligne. Grâce à une pédagogie pratique et un accompagnement personnalisé, vous acquerrez rapidement des compétences solides pour booster votre carrière dans le marketing digital.</span></p>								</div>
				</div>
				<div class="elementor-element elementor-element-c15c177 elementor-widget elementor-widget-heading" data-id="c15c177" data-element_type="widget" data-widget_type="heading.default">
				<div class="elementor-widget-container">
					<h2 class="elementor-heading-title elementor-size-default">Une formation complète pour maîtriser les réseaux sociaux à Genève et Lausanne</h2>				</div>
				</div>
				<div class="elementor-element elementor-element-4275812 elementor-widget elementor-widget-text-editor" data-id="4275812" data-element_type="widget" data-widget_type="text-editor.default">
				<div class="elementor-widget-container">
									<p>Notre formation s’adresse à toute personne souhaitant se professionnaliser dans la communication digitale : salariés, indépendants ou créateurs d’entreprise.<br />Encadré par des formateurs experts, chaque module alterne théorie et exercices pratiques pour vous rendre rapidement autonome.</p><p>Au cours de la formation community manager à Lausanne ou à Genève, vous apprendrez à :</p><p>• Élaborer une stratégie social media adaptée à chaque marque <br />• Créer et planifier du contenu avec des outils comme Canva ou Meta Business Suite<br />• Gérer et animer une communauté avec professionnalisme <br />• Analyser vos performances grâce aux outils de suivi et de reporting <br />• Rester à jour sur les tendances du marketing digital</p>								</div>
				</div>
				<div class="elementor-element elementor-element-41eabb1 elementor-widget elementor-widget-heading" data-id="41eabb1" data-element_type="widget" data-widget_type="heading.default">
				<div class="elementor-widget-container">
					<h2 class="elementor-heading-title elementor-size-default">Une certification reconnue en Suisse romande</h2>				</div>
				</div>
				<div class="elementor-element elementor-element-bd8a2fd elementor-widget elementor-widget-text-editor" data-id="bd8a2fd" data-element_type="widget" data-widget_type="text-editor.default">
				<div class="elementor-widget-container">
									<p><span style="font-weight: 400;">Certifiée eduQua, Linéa Formation garantit un enseignement de qualité et des compétences immédiatement valorisables sur le marché du travail.</span></p><p><span style="font-weight: 400;">Que vous choisissiez la formation pour devenir community manager à Genève en présentiel ou en distanciel depuis Lausanne ou ailleurs en Suisse, vous bénéficiez d’un encadrement personnalisé et d’un véritable tremplin vers les métiers du digital.</span></p>								</div>
				</div>
					</div>
				</div>
				</div>

<p>Formation réseaux sociaux et community manager à Genève et Lausanne Linéa Formation propose deux parcours certifiants pour devenir community manager : • Une formation réseaux sociaux en présentiel à Genève,• Une formation à distance, accessible depuis Lausanne et toute la Suisse romande. Que vous soyez débutant ou en reconversion, vous apprendrez à créer du contenu engageant, développer une stratégie digitale efficace et animer une communauté en ligne. Grâce à une pédagogie pratique et un accompagnement personnalisé, vous acquerrez rapidement des compétences solides pour booster votre carrière dans le marketing digital. Une formation complète pour maîtriser les réseaux sociaux à Genève et Lausanne Notre formation s’adresse à toute personne souhaitant se professionnaliser dans la communication digitale : salariés, indépendants ou créateurs d’entreprise.Encadré par des formateurs experts, chaque module alterne théorie et exercices pratiques pour vous rendre rapidement autonome. Au cours de la formation community manager à Lausanne ou à Genève, vous apprendrez à : • Élaborer une stratégie social media adaptée à chaque marque • Créer et planifier du contenu avec des outils comme Canva ou Meta Business Suite• Gérer et animer une communauté avec professionnalisme • Analyser vos performances grâce aux outils de suivi et de reporting • Rester à jour sur les tendances du marketing digital Une certification reconnue en Suisse romande Certifiée eduQua, Linéa Formation garantit un enseignement de qualité et des compétences immédiatement valorisables sur le marché du travail. Que vous choisissiez la formation pour devenir community manager à Genève en présentiel ou en distanciel depuis Lausanne ou ailleurs en Suisse, vous bénéficiez d’un encadrement personnalisé et d’un véritable tremplin vers les métiers du digital.</p>
